ime factors of t?
7
Let l be -2 - (2 + -1) - 5. List the prime factors of (-2)/l + (-78)/(-8).
2, 5
Suppose p - 2 - 2 = 0. Suppose p*z - 27 = 33. What are the prime factors of z?
3, 5
Suppose 2*j + 4 = 4*j. Suppose -j*a + 18 = a. List the prime factors of a.
2, 3
Suppose 5*u - 2 = 3, 0 = 2*m - 5*u - 67. List the prime factors of m.
2, 3
Let x = 136 - 88. What are the prime factors of x?
2, 3
Suppose -186 = -4*i + 386. List the prime factors of i.
11, 13
Suppose 4*l + 16 = 8*l. Suppose 0 = -0*y - l*y + 92. What are the prime factors of y?
23
Let b(q) = 93*q + 7. List the prime factors of b(3).
2, 11, 13
Suppose 6*f - 19 = 5*f. List the prime factors of f.
19
Suppose -2*w + 95 = -0*y - y, 4*w = -y + 181. Suppose -4*l + w = z, 0 = -2*l - 3*z + 13 + 5. What are the prime factors of l?
2, 3
Let s(z) = z**2 + 7*z + 8. Let n = 20 - 2. Suppose 0 = 5*u + o - 0*o + 28, 4*u = -3*o - n. List the prime factors of s(u).
2
Suppose 0 = 2*q + 5*l - 2*l - 351, 0 = 2*q + 5*l - 349. List the prime factors of q.
3, 59
Let p = -32 + 39. List the prime factors of p.
7
Suppose -8*b = -4*b - 40. What are the prime factors of 3/(-15) + 52/b?
5
Suppose 324 = 5*s + s. List the prime factors of s.
2, 3
Let f = -182 - -395. List the prime factors of f.
3, 71
Let o(m) = -m**2 - 17*m - 3. Let j be o(-15). Let a = 40 - j. List the prime factors of a.
13
Suppose 0*g = -g. Suppose g*t = -t + 11. List the prime factors of t.
11
Suppose -5*w - 42 = -7*w. List the prime factors of w.
3, 7
Let b = 18 - 8. Suppose -4*r = -b - 18. List the prime factors of r.
7
Let s be 3 - (4 + (-3 - 1)). Suppose s*r = x - 2 - 5, 4*x - 28 = 4*r. List the prime factors of x.
7
Let l(x) = -32*x**3 + x**2 - 2*x - 4. What are the prime factors of l(-2)?
2, 5, 13
Let n = -10 - -3. Let f(v) = v**2 - 3. Let p be f(n). Suppose -p = -4*d - 2. What are the prime factors of d?
11
Let p be 110/4*(-108)/(-30). Let o = -70 + p. What are the prime factors of o?
29
Let s = -11 + 7. Let h(i) = -i**3 - 4*i**2 - 4*i - 6. What are the prime factors of h(s)?
2, 5
Let z = 141 - 104. What are the prime factors of z?
37
What are the prime factors of (2/(-3))/(3/(-90))?
2, 5
Suppose 0*h + 6*h = 216. What are the prime factors of h?
2, 3
Let v be (-364)/(-8) - (-2)/(-4). Let z = -19 + v. What are the prime factors of z?
2, 13
Suppose -42 + 202 = 5*u. What are the prime factors of u?
2
Suppose 5*o - 2*o - 6 = 2*p, -2*p = -4*o + 10. Suppose p = -4*w + 3*w, 5*t - 2*w - 41 = 0. List the prime factors of t.
7
Suppose 5*y - 6*y + 63 = 0. List the prime factors of y.
3, 7
Suppose 4*j = 40 - 0. What are the prime factors of j?
2, 5
Suppose -5*t = g + 277, -3*g - 103 = -0*t + 2*t. Let u = -40 - t. What are the prime factors of u?
2
Suppose 3*m - 37 = 50. What are the prime factors of m?
29
Let o(j) = 10*j + 1. Let v(i) = i - 2. Let u be v(5). Let n be o(u). Let d = -22 + n. What are the prime factors of d?
3
Let k(t) be the first derivative of 2 - t**3 + 3/2*t**2 + 0*t + 1/4*t**4. What are the prime factors of k(2)?
2
Let p be 0 + 3 + -3 - 3. Let m be 0/(2 - 0/p). Suppose -3*t + 2*t + 6 = m. What are the prime factors of t?
2, 3
Let w = -1 - -14. What are the prime factors of w?
13
Let r = 59 + -37. List the prime factors of r/4 - 2/(-4).
2, 3
Let n be ((-6)/15)/((-1)/5). Let h be ((-164)/(-8))/(n/4). Suppose -2*z + h = 15. List the prime factors of z.
13
Let j = 3 - -2. Let o = 5 + j. Let q = -3 + o. List the prime factors of q.
7
Let a be 78/(-8) - 6/(-8). Suppose 4*n + 1 = 4*l + 5, -5*l - 4*n + 22 = 0. List the prime factors of l/(-9) + (-92)/a.
2, 5
List the prime factors of 1/(-7) - 456/(-7).
5, 13
Let k(r) = 18*r - r**2 + 1 - 6 - 7*r. What are the prime factors of k(9)?
13
Suppose -3 = -5*p + 3*d, -3 = 5*p - 2*d - 10. List the prime factors of (26/(-1))/(-1) - p.
23
Let p be (-14)/(-21) - (-22)/3. Suppose 0 = 5*r + p - 93. List the prime factors of r.
17
Suppose -5 = -4*q + 3*u, 2*u + u = 2*q - 7. List the prime factors of ((-3)/(-6))/(q/(-4)).
2
Suppose -11*d + 13*d - 210 = 0. List the prime factors of d.
3, 5, 7
Let u(d) = 5*d + 5. Let s be u(-10). Let q be (0 - -1)*s/3. Let k = 23 + q. What are the prime factors of k?
2
Let g = -63 + 31. Let h = -14 - g. Let o = h - 10. What are the prime factors of o?
2
Let u(z) be the third derivative of -z**4/24 - 2*z**3 + 4*z**2. Let x be u(-10). Let q = x + 7. List the prime factors of q.
5
Let q = -2 - -7. Suppose -y = 4*d - 19, 2*y + q*d - 20 = 3*d. What are the prime factors of y?
7
Let l(r) = r**3 - 4*r**2 + 4*r. Let i be l(3). Let m be i/15 + (-116)/(-20). Suppose d = m + 5. List the prime factors of d.
11
Suppose 4*k = 8*k - 44. What are the prime factors of k?
11
Let f = 17 - -2. Let k = 7 - 10. Let s = f + k. What are the prime factors of s?
2
Suppose -6*y + 188 = -2*y. What are the prime factors of y?
47
Let w = 35 + 11. What are the prime factors of w?
2, 23
Suppose -2*t - 29 + 1 = 0. Let u = 12 - t. List the prime factors of u.
2, 13
Let n = -1 + 2. Suppose -5*y - n + 16 = 0. Suppose -y*i = -4*i + 8. What are the prime factors of i?
2
List the prime factors of -276*(4 - (180/8)/5).
2, 3, 23
Let v(z) = 4*z**3 - 3*z**2 + 11*z - 7. What are the prime factors of v(4)?
5, 7
Suppose 128 = 5*i - i. Let u = i + -24. What are the prime factors of u?
2
Suppose -o - 3 = -4*o. Let t be (6/(-9))/(o/(-9)). Suppose 4*h + l = 56, h = l - t*l + 33. What are the prime factors of h?
13
Let l(r) = -r**2 - 3*r. Let i be l(-3). Suppose i*m = 3*m. Suppose m = 2*x + 2*x - 52. List the prime factors of x.
13
Let h = -13 + 33. Suppose 5*x + i = -2*i - 12, i + 4 = -5*x. Suppose x*d = -4*d + h. What are the prime factors of d?
5
Let o(u) be the second derivative of 3*u**4/2 + u**3/6 - 4*u. What are the prime factors of o(1)?
19
Suppose z - 3*z + 8 = -5*a, 2*z + 4*a = -28. Let r = z - -21. What are the prime factors of r?
3, 5
Suppose -3*w = -0*w. Let p(u) = u**2 + 3. List the prime factors of p(w).
3
What are the prime factors of (-3 - 0/(-2))*262/(-6)?
131
Let f be (-2 - 0)/(4/22). Let s = f + 6. Let c(u) = u**3 + 5*u**2 - 3*u + 1. What are the prime factors of c(s)?
2
Suppose 1077 - 78 = 3*s. What are the prime factors of s?
3, 37
Let q(j) be the second derivative of j**4/6 - j**3/2 + j**2 - 2*j. Let o be q(2). Suppose 4*v + 2 = -p + 5, o*p = -4*v + 24. What are the prime factors of p?
7
Suppose -11 - 45 = -4*p. Suppose -1 - p = -5*y. Suppose 33 = 3*h - 3*t, y*h + 3*t - 21 = -0*t. List the prime factors of h.
3
Suppose -3*t + 2*t = y - 110, -238 = -2*t + 4*y. What are the prime factors of t?
113
Suppose -z - z = -2*y + 38, 2*z = -4*y + 106. What are the prime factors of y?
2, 3
Let l(t) be the third derivative of t**5/60 + t**4/8 + t**3/2 - 2*t**2. What are the prime factors of l(-3)?
3
Suppose h - 58 = -4*h - 4*r, -43 = -2*h + 5*r. List the prime factors of 338/h + (-1)/7.
2, 3
Suppose -69 = 5*w + 4*i - i, 5*w + i = -63. What are the prime factors of 2/(33/w - -3)?
2
Let h be -1 - (1 + -2 - 3). Let r(w) = 2 - h*w - 12 + 5*w. What are the prime factors of r(7)?
2
Let b(p) = -p**3 - 7*p**2 + 10*p + 12. Let n be b(-8). Let z = 2 - n. Let x = z + -4. List the prime factors of x.
2
Suppose -21 + 6 = 5*i. Let g be (-2 - i) + 0 - 1. List the prime factors of (2 + g)*6/4.
3
Let g(i) = 0*i**2 + 0*i**2 + 5 - 7*i - i**2. Let y = 10 - 16. List the prime factors of g(y).
11
Let q = -144 + 277. What are the prime factors of q?
7, 19
Suppose -5*q + 19 = -1. Let h = 1 - q. List the prime factors of ((-10)/3)/(1/h).
2, 5
Let c be (1 - 1/1) + 2. Let g be 6 - (6/c + 0). Let u(q) = -q**3 + 5*q**2 - q. List the prime factors of u(g).
3, 5
Let j = 124 + -67. What are the prime factors of j?
3, 19
Let f = 6 - 6. Suppose -5*d + 108 + 32 = f. List the prime factors of d.
2, 7
Let r(h) = h**3 + 6*h**2 + 2*h + 1. List the prime factors of r(-5).
2
Suppose z + 3*z = 3*b + 167, -4*z = 2*b - 162. List the prime factors of z.
41
What are the prime factors of 3 + -42*2/(-4)?
2, 3
Suppose -4*u - 19 = j, -3*j + 13 = -5*j - 3*u. Let o be (0 - (1 + j))*-1. Suppose 21 = o*y + y. List the prime factors of y.
7
Suppose 2 = k - 2*x, -4*k + 29 = 4*x - 3. Let h = -4 + k. Suppose -2*u + 16 = s - h, s = 5*u - 59. What are the prime factors of u?
11
Let f be -1 - -1 - (-27 - 0). Suppose 0 - 3 = -u. Suppose f = 3*p + u. What are the prime f